 127093543?
1
What is the hundreds digit of 4027821?
8
What is the ten thousands digit of 4959413739?
1
What is the hundred millions digit of 6886756942?
8
What is the millions digit of 2054648?
2
What is the millions digit of 4276316883?
6
What is the thousands digit of 371523727?
3
What is the tens digit of 8335941?
4
What is the ten millions digit of 4488874661?
8
What is the hundreds digit of 218200440?
4
What is the millions digit of 3281213869?
1
What is the thousands digit of 162691568?
1
What is the hundreds digit of 87677016?
0
What is the tens digit of 155777696?
9
What is the millions digit of 1634142898?
4
What is the millions digit of 397622805?
7
What is the hundred thousands digit of 334359808?
3
What is the ten thousands digit of 433222665?
2
What is the units digit of 115773972?
2
What is the hundred millions digit of 2414393406?
4
What is the units digit of 367751191?
1
What is the hundred millions digit of 448051555?
4
What is the thousands digit of 18841719?
1
What is the ten thousands digit of 34235030?
3
What is the millions digit of 204019689?
4
What is the hundred thousands digit of 12858439?
8
What is the ten millions digit of 2460857275?
6
What is the millions digit of 28241084?
8
What is the hundred millions digit of 573069715?
5
What is the hundreds digit of 56441970?
9
What is the hundred thousands digit of 17500503?
5
What is the thousands digit of 206415398?
5
What is the hundred thousands digit of 27131835?
1
What is the units digit of 72033903?
3
What is the hundreds digit of 272779005?
0
What is the thousands digit of 535494444?
4
What is the thousands digit of 391970365?
0
What is the hundreds digit of 2126208598?
5
What is the millions digit of 352021758?
2
What is the hundred millions digit of 938267639?
9
What is the hundred millions digit of 2616769772?
6
What is the hundred thousands digit of 298694342?
6
What is the ten millions digit of 33403065?
3
What is the ten millions digit of 210781706?
1
What is the ten millions digit of 4335050961?
3
What is the units digit of 554627068?
8
What is the hundreds digit of 142642537?
5
What is the hundred millions digit of 2461803518?
4
What is the units digit of 180031125?
5
What is the hundreds digit of 22118009?
0
What is the hundreds digit of 1587374688?
6
What is the ten thousands digit of 314302598?
0
What is the ten millions digit of 1996152651?
9
What is the tens digit of 3738629007?
0
What is the thousands digit of 161599856?
9
What is the tens digit of 387140105?
0
What is the tens digit of 20477944?
4
What is the thousands digit of 43053418?
3
What is the millions digit of 2710776513?
0
What is the millions digit of 215563721?
5
What is the ten millions digit of 67682249?
6
What is the thousands digit of 682279911?
9
What is the units digit of 15699869?
9
What is the millions digit of 3934491?
3
What is the hundred thousands digit of 18281571?
2
What is the tens digit of 594033566?
6
What is the hundreds digit of 1509057464?
4
What is the ten thousands digit of 1069597608?
9
What is the hundreds digit of 931756870?
8
What is the millions digit of 56627063?
6
What is the thousands digit of 22116138?
6
What is the hundreds digit of 78585621?
6
What is the hundred millions digit of 386568581?
3
What is the units digit of 2455772267?
7
What is the ten thousands digit of 8140773?
4
What is the thousands digit of 2027051739?
1
What is the hundreds digit of 276528255?
2
What is the ten millions digit of 131767590?
3
What is the hundred thousands digit of 301476172?
4
What is the tens digit of 98416680?
8
What is the ten thousands digit of 195886278?
8
What is the millions digit of 96403130?
6
What is the ten millions digit of 650864146?
5
What is the thousands digit of 249572014?
2
What is the hundred millions digit of 898004475?
8
What is the ten millions digit of 28851694?
2
What is the units digit of 63428199?
9
What is the hundred millions digit of 627719086?
6
What is the units digit of 1246688880?
0
What is the ten thousands digit of 2679356780?
5
What is the tens digit of 6434931958?
5
What is the hundreds digit of 3768147798?
7
What is the tens digit of 42454236?
3
What is the ten millions digit of 20590585?
2
What is the units digit of 44339521?
1
What is the hundreds digit of 31135331?
3
What is the tens digit of 105094499?
9
What is the hundred millions digit of 244415785?
2
What is the ten thousands digit of 357475325?
7
What is the thousands digit of 65498279?
8
What is the millions digit of 291643900?
1
What is the hundreds digit of 4464165313?
3
What is the hundreds digit of 1168413951?
9
What is the ten millions digit of 260100408?
6
What is the millions digit of 4899106?
4
What is the tens digit of 93570390?
9
What is the millions digit of 317069169?
7
What is the units digit of 125154388?
8
What is the thousands digit of 76815044?
5
What is the hundred thousands digit of 1155296728?
2
What is the ten millions digit of 4939885951?
3
What is the ten thousands digit of 905756480?
5
What is the hundreds digit of 384240909?
9
What is the tens digit of 63789216?
1
What is the thousands digit of 6219451646?
1
What is the hundred thousands digit of 1466602928?
6
What is the tens digit of 6034138107?
0
What is the hundreds digit of 2313637337?
3
What is the millions digit of 540235488?
0
What is the ten millions digit of 24759144?
2
What is the millions digit of 769249685?
9
What is the units digit of 16037530?
0
What is the millions digit of 273257400?
3
What is the hundred thousands digit of 256537120?
5
What is the hundreds digit of 521705595?
5
What is the ten thousands digit of 128906845?
0
What is the units digit of 4598476241?
1
What is the thousands digit of 19388423?
8
What is the thousands digit of 1234356055?
6
What is the ten thousands digit of 324639928?
3
What is the hundred thousands digit of 116753111?
7
What is the thousands digit of 229412212?
2
What is the hundreds digit of 246971822?
8
What is the thousands digit of 3036863660?
3
What is the tens digit of 95340840?
4
What is the hundred thousands digit of 895675110?
6
What is the ten thousands digit of 671633045?
3
What is the tens digit of 358388458?
5
What is the billions digit of 3923109140?
3
What is the tens digit of 361099065?
6
What is the ten millions digit of 201856013?
0
What is the tens digit of 18889332?
3
What is the tens digit of 176528962?
6
What is the tens digit of 21010683?
8
What is the millions digit of 3092448548?
2
What is the units digit of 5690638746?
6
What is the thousands digit of 826892216?
2
What is the hundred millions digit of 1235691534?
2
What is the units digit of 635696509?
9
What is the hundreds digit of 46287122?
1
What is the tens digit of 62516573?
7
What is the ten millions digit of 686694702?
8
What is the units digit of 1719930524?
4
What is the units digit of 33605084?
4
What is the hundreds digit of 4478995171?
1
What is the tens digit of 175604820?
2
What is the thousands digit of 536324625?
4
What is the units digit of 2846564120?
0
What is the hundred millions digit of 1154423615?
1
What is the billions digit of 1653461902?
1
What is the thousands digit of 7289009092?
9
What is the ten thousands digit of 55572434?
7
What is the hundred thousands digit of 186363723?
3
What is the tens digit of 894356995?
9
What is the ten millions digit of 110011438?
1
What is the hundreds digit of 31931677?
6
What is the ten thousands digit of 117160259?
6
What is the hundred thousands digit of 1284796717?
7
What is the hundred millions digit of 296808424?
2
What is the units digit of 93437721?
1
What is the hundreds digit of 4225920?
9
What is the hundreds digit of 147964614?
6
What is the hundred thousands digit of 39812153?
8
What is the millions digit of 38902833?
8
What is the thousands digit of 22507826?
7
What is the units digit of 93991769?
9
What is the tens digit of 266171161?
6
What is the hundred millions digit of 266739647?
2
What is the ten millions digit of 1489153244?
8
What is the ten millions digit of 2072067721?
7
What is the units digit of 67664181?
1
What is the hundreds digit of 10321653?
6
What is the tens digit of 20644691?
9
What is the thousands digit of 4774778?
4
What is the ten thousands digit of 28343439?
4
What is the